e
Let j(k) = -735*k**3 + 4*k**2 + 4*k - 3. Let d be j(-2). Suppose -4*y - 11572 = -3*r, 4*r - 1411 = -3*y - 10065. Let m = d + y. Is m prime?
False
Let m(p) = 8267*p + 402. Is m(7) composite?
False
Let c(o) = -51*o**3 + 14*o**2 + 6*o + 1. Let g(u) = u**3 + 5*u**2 + 7*u + 29. Let y be g(-5). Is c(y) composite?
True
Let s be ((-36)/30)/(4/3790). Is (2 - s) + (-7 - -6) a prime number?
False
Suppose 1760 = 5*l + 3*d, 0*d - 2*d + 10 = 0. Let i = 818 + l. Is i a prime number?
False
Let n(q) = -253*q + 70. Let d be n(7). Let v = d - -16892. Is v a prime number?
False
Let v = -48191 + 101670. Is v composite?
False
Let z be 1/(4 + -8 - 51/(-12)). Suppose 3*w - 1939 = -5*r, 2*r = -z*w + 275 + 495. Is r a composite number?
False
Let u(s) = s**3 + 5*s**2 + 6*s + 3. Let i be u(-3). Suppose -4*o = 2*q, -2 + 0 = i*o + 2*q. Is (0/o - -1) + 4248 a composite number?
True
Suppose y = 1, 5*s - 383536 = -5*y - 39696. Is s prime?
True
Let f(t) = 3*t**3 + t**2 + 7*t - 7. Let b be 0 + 17/(-5) - 6/10. Let a be (b/(-1))/(15/30). Is f(a) composite?
True
Suppose 200*n = -101*n + 85826605 + 98141284. Is n composite?
False
Suppose 16*t = 12*t + 12. Suppose t*s - 8 + 3 = -2*w, 4*w = 5*s - 23. Suppose s*l = 502 + 1049. Is l prime?
False
Suppose -o + 4*q + 2745 = 0, -186*o + 191*o = -3*q + 13794. Is o a prime number?
False
Suppose 10*k + 3*b = 12*k - 797983, 5*k - 3*b = 1994944. Is k a composite number?
True
Let z be ((-6)/4)/((-37)/444). Suppose -z*v = v - 96653. Is v a prime number?
True
Suppose 11*g - 8527893 = -31*g - 2437011. Is g a prime number?
True
Let a(l) = -6*l + 32. Let p(q) = 7*q - 33. Let i(v) = 4*a(v) + 3*p(v). Let y be i(8). Suppose -y*m + 905 = 5*r, m = -3*r - 39 + 578. Is r composite?
False
Suppose 27*c - 127240 = 5*c + 2*c. Is c composite?
True
Let x = 9 - 7. Let k(b) = -32*b - b + 10*b + b**2 + 3 + 0*b**x. Is k(-17) prime?
True
Suppose b = 3*x - 7*x - 17, x + 53 = -4*b. Is (b + 12)/(1/(-641)) prime?
True
Suppose 4688 - 963 = k. Let n = -1 - -1. Suppose 5*g - k = -n*g. Is g a composite number?
True
Suppose -19*b + 119292 = -51879. Let r = 1230 + b. Is r a prime number?
False
Suppose -5*j = 4*x - 24332, -11009 = -4*j + 5*x + 8473. Suppose -2*z + j = 4*m, 0*m - 3*z - 3651 = -3*m. Is m prime?
True
Suppose 873635248 = 371*c + 267*c + 114*c. Is c a prime number?
True
Is (-670646)/(96/8 - 14) composite?
False
Let q be (-1)/((-2065)/(-9495) - (-24)/(-108)). Let w(z) = -z**2 - 7*z - 6. Let o be w(-5). Suppose 4*j - 166 = -d - j, 0 = d - o*j - q. Is d prime?
True
Let r be 1*1/2 + (-7672)/16. Let a = 492 - r. Is a a prime number?
True
Let g = 25 - 23. Suppose -g*j + 40 = 8. Let o(v) = 5*v**2 - 6*v - 33. Is o(j) prime?
True
Let w = -54 + 59. Is (-1247 + -2)*(-3 - (-7 + w)) a prime number?
True
Let w(u) = -u**2 + 9*u - 11. Let q be w(7). Let r(j) = -3*j - q*j - 26*j + 21. Is r(-4) a composite number?
False
Suppose -55*o + 19*o + 524427 = 57*o. Is o prime?
True
Let r = 6001 + -4472. Is r a composite number?
True
Let u = 395637 + -157044. Is u a composite number?
True
Let v be 36*((-1)/(-2))/1. Suppose 6722 = -17*m + v*m. Let y = m + -1885. Is y a prime number?
False
Let y = -51323 - -150700. Is y a prime number?
True
Suppose -5*q = -5*f - 2540170, -3*q = -2*f - 1110274 - 413821. Is q a composite number?
True
Let f be 26078/(-18) + 4/(-18) + -1. Let n = f + 10022. Let k = n - 5414. Is k composite?
True
Is 8*18/((-576)/(-894028)) composite?
False
Suppose -494657 = -4*b + 3*m, 13*b - 11*b + m = 247331. Is b composite?
True
Let u be -1*1*-66*(-8)/6. Let m be (-15337)/(-8) - (-11)/u. Let a = 3970 - m. Is a a prime number?
True
Let g(q) = 1589*q + 62. Let b = 89 - 86. Is g(b) prime?
False
Let n(j) = -48*j - 5. Let p(r) be the first derivative of -r**2/2 + 10*r - 24. Let t be p(17). Is n(t) prime?
True
Is (-4085350)/25*-1*1*(-3)/(-6) composite?
False
Let w(l) = 17571*l**3 - 3*l**2 + 8*l + 25. Is w(3) a prime number?
False
Let p(v) = v**3 - 6*v**2 - 4*v - 15. Let a be p(7). Suppose -m = -a*m + 23605. Is m a composite number?
False
Let u(n) = 558*n + 25. Let a(b) = -b**3 + 7*b**2 + 19*b - 7. Let r be a(9). Is u(r) prime?
False
Let z = 4 - 1. Let h be (7 - 7)*(-1 + 3)/2. Suppose -4*d + z*d + 111 = h. Is d prime?
False
Let s(c) be the first derivative of -2461*c**2/2 + 41*c - 55. Is s(-2) a prime number?
False
Suppose 74*h - 4297852 = 2132674. Is h a composite number?
True
Suppose 4*n = -0*n + 76. Suppose 6*d = -1 + n. Is -248*(-3 - -2) + d composite?
False
Suppose 3*r + 2*z = 2703683, 3*z = 2*r - 677484 - 1124980. Is r prime?
False
Let q(p) = 113247*p + 448. Is q(5) a composite number?
True
Let i(k) = 99*k + 74. Let n(b) = 98*b + 75. Let o(g) = -6*i(g) + 5*n(g). Is o(-22) a composite number?
True
Suppose 4*a = -2*v + 1818, 164*a + 5*v = 160*a + 1821. Is a composite?
True
Let x = 3 + 0. Suppose 5*r + 3*o + 15 = 0, 5*r + 7*o - x*o + 20 = 0. Suppose r = 72*n - 75*n + 885. Is n a composite number?
True
Suppose -3*p + p - 32 = -5*c, 48 = 5*c + 2*p. Suppose -6*r = -c - 22. Suppose 3*k - r*k + 634 = 0. Is k composite?
False
Let j(s) = -108*s**3 - 2*s**2 + s - 1. Let p = 94 + -97. Is j(p) composite?
True
Let x = 32305 + -17384. Is x a composite number?
True
Let f(o) be the first derivative of -15*o**4/4 - 4*o**3/3 - 3*o**2 - 8*o - 743. Let k(z) = -z**3 + 2*z**2 - 3*z + 3. Let c be k(2). Is f(c) prime?
True
Let d(g) = 5*g - 11. Suppose 2*z - 10 = p - 2*p, 4*p = -3*z + 25. Let t be d(z). Suppose t*m - 4*b = 7040, 3*b + 0 = -3. Is m a prime number?
True
Let v(r) = 37*r + 190. Let h be v(-6). Is ((-1016)/h)/((-3)/(-132)) a prime number?
False
Suppose -i = -y + 5, -3*y = 3*i - 2*i + 5. Suppose y = 3*h + 3 - 9. Suppose m = 5*m - 4*j - 5028, h*m - 3*j = 2512. Is m composite?
False
Suppose -r + 119249 = 4*l, -4*r + 431*l = 430*l - 476877. Is r prime?
False
Let v be ((-3155)/(-20))/((-2)/8). Let d = v + 3714. Is d a composite number?
False
Let n(s) = 10569*s - 778. Is n(1) a prime number?
True
Let k(f) = 5*f + 12956. Let x be k(0). Let h = x + -6151. Is h a composite number?
True
Suppose -k = n - 65742, -5*k = -3*n - k + 197261. Suppose -19*g = 10134 - n. Is g composite?
False
Suppose 27 = -0*d + 3*d. Suppose 80 = -5*y - 25. Is 538 - (y/d - (-2)/(-3)) a prime number?
True
Let d be (6/(-1))/12*-52764. Let z = d + -15251. Is z a composite number?
False
Suppose -2*n + 56646 = 2*c, 2*n + 3*c - 28841 - 27807 = 0. Is n a prime number?
False
Let o(d) = 501 + 1898 - 9*d**3 - 2*d + 8*d**3 + d**2. Is o(0) a composite number?
False
Let f(w) = 3*w**3 - 48*w**2 + 3*w - 19. Let q be f(16). Suppose -26769 = 28*l - q*l. Is l a prime number?
False
Suppose -2*v + 2*n - 10 = 0, 17 + 6 = -4*v + 5*n. Is (-6801)/(-18)*v*(-6)/2 a prime number?
True
Let l be (-6)/(-9)*-5*19356/(-8). Let d = -4368 + l. Is d composite?
False
Suppose -5*t + 39 = -6. Let n be 97 - 3/(t/6). Suppose 0 = -j + 6*j - n. Is j a composite number?
False
Suppose -5*q - 638529 = -2*q. Is (-4)/20*(-2 + q) composite?
False
Let u(f) = -f**3 + 14*f**2 + 31*f + 21. Let r = -92 + 108. Let b be u(r). Is 2/(39185/7835 - b) a composite number?
False
Suppose -7*w + 633960 = -48*n + 52*n, -w = 4. Is n a composite number?
True
Suppose 0 = 4*l + 2*f - 28, f = -3*l + 4*f + 21. Let k(g) = 193047 - g + 4*g**2 - 193017 - 2*g**2. Is k(l) a composite number?
True
Let y(t) = 39*t - 235. Let u be y(6). Is 9 + (-7160)/(-6 - u) a composite number?
True
Suppose -28*r + 311829 = -7*r. Is r composite?
True
Let b(r) = -5589*r + 2494. Is b(-13) a composite number?
True
Let y = -44 - -48. Is (-1)/4 + (19833/y - 3) a composite number?
True
Let j(c) = -1511*c - 8. Let p be j(-3). Suppose -4*w - p + 26937 = 0. Is w a composite number?
True
Suppose 0 = 5*o + 140066 - 371131. Is o a prime number?
False
Let b = -48143 - -68931. Is ((-9)/18 - 0)*b/(-2) a prime number?
True
Is 12/54 - 64348*674/(-72) composite?
True
Suppose -25*p + 19699473 = -10063002. Is p prime?
False
Suppose -22*m - 359346 = -61*m. Let a = m + -3867. Is a prime?
True
Let u(s) = s + 27. Let p be u(-26). Is p/((14/(-2933))/(-2)) prime?
True
Let u = 148525 - -858. Is u a prime number?
False
Let i = 549 + -547. Suppose -3*u = -2*y + 6476 + 3789, -2*y + i*u = -10268. Is y prime?
False
Suppose 21 = 3*n - 42. Let o be 47/(-3) + (-7)/n. Is (-3)/((-18)/4)*(-44808)/o prime?
True
Let o(s) = 9*s - 7. Let l be o(2). Let w(z